n base 11, what is 17 - -2?
19
In base 4, what is 0 - 31?
-31
In base 5, what is -10 - -130?
120
In base 15, what is -11c + 0?
-11c
In base 14, what is -27 - c?
-35
In base 15, what is 2c - 24?
8
In base 13, what is -15 - 0?
-15
In base 14, what is 7 + -5?
2
In base 16, what is -19 + -3?
-1c
In base 4, what is 20103 - -11?
20120
In base 10, what is -13 + -65?
-78
In base 10, what is -1490 - 2?
-1492
In base 9, what is -3 - 5704?
-5707
In base 8, what is -2 - -1611?
1607
In base 11, what is -36 - 4?
-3a
In base 3, what is 11202 + 2?
11211
In base 6, what is -40124 - -3?
-40121
In base 6, what is 354 + -21?
333
In base 2, what is -11 + -1000001011?
-1000001110
In base 9, what is -34 + -11?
-45
In base 12, what is -41 - -20?
-21
In base 5, what is -24241 + -23?
-24314
In base 7, what is 11 - -302?
313
In base 9, what is 135 + 14?
150
In base 7, what is 46 - 5?
41
In base 16, what is -2 + -1de?
-1e0
In base 12, what is 72 + 1a?
90
In base 5, what is 1144 + 20?
1214
In base 12, what is -2 - 81?
-83
In base 2, what is -101 + -1100010101?
-1100011010
In base 8, what is -443 + -2?
-445
In base 6, what is 3 + 13511?
13514
In base 14, what is -1d0 - 0?
-1d0
In base 13, what is 42 - -11?
53
In base 16, what is -2 + 8?
6
In base 3, what is 110 - 102211?
-102101
In base 9, what is -477 + -1?
-478
In base 8, what is 11 - -135?
146
In base 15, what is -3 + -1c7?
-1ca
In base 9, what is 288 + -51?
237
In base 13, what is 6c1 + 1?
6c2
In base 10, what is 171 - -13?
184
In base 12, what is 4 - -1b7?
1bb
In base 2, what is -1010011 - -100?
-1001111
In base 12, what is -59 - -a5?
48
In base 16, what is 12a9 + -6?
12a3
In base 5, what is 313 - 2?
311
In base 11, what is 15 - 2?
13
In base 11, what is 1307 + 5?
1311
In base 7, what is -4 - -52?
45
In base 8, what is 0 - -215?
215
In base 10, what is -55 - 1?
-56
In base 11, what is -8 - 30a?
-317
In base 13, what is -8 - 9?
-14
In base 4, what is 0 + 32?
32
In base 15, what is -1 + -e0?
-e1
In base 15, what is -1a + -2?
-1c
In base 16, what is -422 - -4?
-41e
In base 3, what is -10 - 1011?
-1021
In base 10, what is 29 + -7?
22
In base 3, what is 21002102 - -10?
21002112
In base 12, what is 80 + -b?
71
In base 7, what is 6116 - -10?
6126
In base 7, what is 4102 + -10?
4062
In base 9, what is 5 - -1704?
1710
In base 10, what is 61 - 5?
56
In base 3, what is -10 - -20?
10
In base 2, what is 101100000 + 1?
101100001
In base 7, what is 1540 + 1?
1541
In base 9, what is -2 - -162?
160
In base 9, what is 12 + -116?
-104
In base 13, what is -5 - -2a8?
2a3
In base 11, what is -323 - -4?
-31a
In base 7, what is 16 + -660?
-641
In base 15, what is 5 - 46?
-41
In base 15, what is 69 - b?
5d
In base 10, what is -7 + -29?
-36
In base 8, what is 23 - 46?
-23
In base 6, what is 1120 + 4?
1124
In base 8, what is -1555 + 3?
-1552
In base 14, what is 5 + -19b?
-196
In base 12, what is 4 + -25?
-21
In base 9, what is 114 - 10?
104
In base 12, what is -1 + -164?
-165
In base 2, what is -11011 - 1000?
-100011
In base 15, what is 0 - -2a?
2a
In base 14, what is -1 + -b19?
-b1a
In base 10, what is -258 - -33?
-225
In base 9, what is 0 - -46?
46
In base 15, what is 0 + 1065?
1065
In base 10, what is -276 - -74?
-202
In base 6, what is -4 + -2435?
-2443
In base 13, what is 0 - -1801?
1801
In base 9, what is 5 + 5377?
5383
In base 7, what is 13001 + 1?
13002
In base 7, what is -3 + 621?
615
In base 6, what is 21 + -10?
11
In base 4, what is -2213 + -111?
-2330
In base 6, what is -55 + -4?
-103
In base 2, what is -1100010 - -1001?
-1011001
In base 12, what is 1 - -76?
77
In base 13, what is -7b9 - 2?
-7bb
In base 2, what is 10 - 1?
1
In base 11, what is 119 + 3?
121
In base 7, what is 0 + 354?
354
In base 6, what is -11 - -41?
30
In base 10, what is 2 - 190?
-188
In base 8, what is -77 + 2?
-75
In base 6, what is 30103 + 1?
30104
In base 7, what is -31 - 1?
-32
In base 11, what is 55 + 43?
98
In base 11, what is -2557 - -5?
-2552
In base 15, what is 4 + -10?
-b
In base 14, what is -b + 0?
-b
In base 5, what is -4 - 2044?
-2103
In base 3, what is -12 + 1122?
1110
In base 7, what is -2631 - -13?
-2615
In base 8, what is -4727 - 2?
-4731
In base 15, what is -21 + -1?
-22
In base 2, what is 1010 + 11011?
100101
In base 10, what is 928 + -1?
927
In base 5, what is 302 + -13?
234
In base 3, what is 1 - -10102?
10110
In base 10, what is 1526 - -3?
1529
In base 3, what is -220 + -1?
-221
In base 11, what is 6 + 6?
11
In base 13, what is 14 - 105?
-c1
In base 13, what is -56 + -c6?
-14c
In base 13, what is -40 + -2?
-42
In base 13, what is 235 + -4?
231
In base 13, what is 5 + -15?
-10
In base 13, what is -592 + -4?
-596
In base 6, what is 0 - -1553?
1553
In base 14, what is 12b - -4?
131
In base 11, what is 4 + 7a8?
801
In base 9, what is -468 + -2?
-471
In base 3, what is 12012 + 2?
12021
In base 13, what is -3 - 13?
-16
In base 14, what is 1 - 29?
-28
In base 3, what is 121222 + -1012?
120210
In base 4, what is -11 - -12030?
12013
In base 14, what is -50 - 5?
-55
In base 10, what is 287 - 0?
287
In base 16, what is aa1 - 1?
aa0
In base 9, what is -1 + 21?
20
In base 3, what is 10202 + 12?
10221
In base 6, what is -103303 + -2?
-103305
In base 6, what is -151 + 0?
-151
In base 12, what is 64 + -6?
5a
In base 7, what is 144 - 405?
-231
In base 2, what is 11 - 1101110?
-1101011
In base 8, what is -4 - -266?
262
In base 2, what is 1 + 10100011?
10100100
In base 5, what is -2 - 0?
-2
In base 14, what is 2 - -2751?
2753
In base 12, what is 7a - -1?
7b
In base 16, what is 7b - -11?
8c
In base 3, what is 11200110 + -12?
11200021
In base 14, what is -b + 11?
4
In base 3, what is -11 + 12?
1
In base 4, what is -1203312 - -1?
-1203311
In base 5, what is -44122 + 2?
-44120
In base 3, what is 1 - -11122?
11200
In base 4, what is -13 - 102?
-121
In base 15, what is -6ea + 0?
-6ea
In base 9, what is -255 - -61?
-184
In base 3, what is 10 - -102?
112
In base 5, what is 20 - 2202?
-2132
In base 2, what is 11010 + -11?
10111
In base 7, what is -364 - 143?
-540
In base 12, what is 8 - 54?
-48
In base 15, what is -6 - -1b?
15
In base 4, what is -21 - 0?
-21
In base 4, what is -2 - 1210?
-1212
In base 3, what is 1 + -21001111?
-21001110
In base 5, what is -320204 + 3?
-320201
In base 3, what is 20 - -2002?
2022
In base 2, what is -1111010000 - -101?
-1111001011
In base 7, what is -532 + -13?
-545
In base 10, what is 1 + 3106?
3107
In base 12, what is 1 - -31a?
31b
In base 5, what is -2 + -201?
-203
In base 9, what is 0 + 330?
330
In base 10, what is 0 - 25?
-25
In base 8, what is 23 - 20?
3
In base 15, what is -5 - 3?
-8
In base 12, what is -29 - 9?
-36
In base 3, what is 1 - 20002?
-20001
In base 2, what is -110 + 1011?
101
In base 5, what is -1214 + 1?
-1213
In base 15, what is a - 2?
8
In base 4, what is -13211 - -11?
-13200
In base 10, what is -17216 - 4?
-17220
In base 2, what is -101 + -1010100110?
-1010101011
In base 12, what is 0 - -2a?
2a
In base 2, what is 101000111 - 11?
101000100
In base 7, what is -123 + 10?
-113
In base 5, what is 0 - 303?
-303
In base 6, what is 4 - 10315?
-10311
In base 4, what is 133 + 3?
202
In base 7, what is -4 + -4265?
-4302
In base 15, what is 430 + -3?
42c
In base 7, what is 20 + 2?
22
In base 16, what is -255 - 2?
-257
In base 6, what is 2 + 34332?
34334
In base 10, what is -32 - 43?
-75
In base 3, what is 1 - -200?
201
In base 7, what is -234640 + -4?
-234644
In base 9, what is -5 + 24?
18
In base 11, what is 10 + -320?
-310
In base 4, what is 111 - 1213?
-1102
In base 6, what is -14 + 11304?
11250
In base 7, what is 0 + 0?
0
In base 12, what is -a - 270?
-27a
In base 13, what is -1ac - 0?
-1ac
In base 9, what is 7 - 1823?
-1815
In base 9, what is 3 + 78?
82
In base 13, what is -2a - 4?
-31
In base 15, what is -b7 + 0?
-b7
In base 5, what is -10 - -243?
233
In base 14, what is 4ca - -14?
500
In base 14, what is -23 - -1d?
-4
In base 2, what is 0 + -101100?
-101100
In base 3, what is -110 + 1000000?
222120
In base 4, what is -1 + -3212?
-3213
In base 7, what is -2062 + 2?
-2060
In base 2, what is -11000110001 + 0?
-11000110001
In base 6, what is 5 + -5310?
-5301
In base 5, what is -331130 - 0?
-331130
In base 15, what is 1 - 5b5?
-5b4
In base 4, what is -30 + -120?
-210
In base 12, what is 25 + -14?
11
In base 9, what is 8 